{"id":70,"date":"2018-01-21T09:26:43","date_gmt":"2018-01-21T09:26:43","guid":{"rendered":"http:\/\/baobab-verein.org\/?page_id=70"},"modified":"2018-01-21T09:26:43","modified_gmt":"2018-01-21T09:26:43","slug":"april-2006","status":"publish","type":"page","link":"http:\/\/baobab-verein.org\/?page_id=70","title":{"rendered":"April 2006"},"content":{"rendered":"<p align=\"justify\">Die Osterzeit ist in Namibia wie die Weihnachtszeit Ferienzeit. Schulen, Kinderg\u00e4rten, auch viele Fabriken und \u00c4mter sind geschlossen. Die Osterferien begannen dieses Jahr am 07. April und endeten am 16. Mai. Unsere wichtigsten Aufgaben bei diesem Aufenthalt betrafen den nahenden Winter auf der S\u00fcdhalbkugel, der in Namibia im Mai langsam beginnt. Dieses Jahr hat es dort seit Januar soviel geregnet wie seit 120 Jahren nicht mehr. Die viele Feuchtigkeit verhie\u00df einen kalten Winter, die ersten Nachtfr\u00f6ste kamen dann auch Ende April. Namibia ist ein W\u00fcstenland mit kalten N\u00e4chten und einer hei\u00dfen Sonne &#8211; im Winter sind die Tage allerdings kurz, sie geht um etwa 7:30 Uhr auf und um 16 Uhr wieder unter. Zudem ist der Himmel meist strahlendblau, es gibt also keine sch\u00fctzende und isolierende Wolkendecke, und der eisige Wind bl\u00e4st Tag wie Nacht. Dieser kalte Wind wird, gemeinsam mit der Verdunstungsk\u00e4lte des feuchten Bodens, N\u00e4chte mit bis zu 20 Grad Celsius minus bringen. Die Kinderg\u00e4rten liegen alle mindestens auf 1500 Meter H\u00f6he \u00fcber dem Meeresspiegel!<\/p>\n<p>Die Blouwkrans-Internatsschule war unser erstes Ziel, dort herrscht wie schon im Januar-Bericht beschrieben ein Matratzenmangel. Die 150 als Bedarf genannten Matratzen reichten bei n\u00e4herer Betrachtung bei weitem nicht, 200 Matratzen mussten in der Matratzenfabrik im etwa 80 km Windhoek bestellt werden. Leider war eine Lieferung erst am 12. April m\u00f6glich, die Ferien begannen am 07. April &#8211; die strahlenden Kindergesichter bei der \u00dcbergabe der Matratzen w\u00fcrden wir also leider nicht sehen. Die Transportfrage war auch recht kompliziert, wir fanden allerdings jemanden, der die Matratzen in einem K\u00fchltransporter transportieren wollte &#8211; wegen des Regens musste es ein geschlossener LKW sein. Leider passten dann doch nicht alle Matratzen in den LKW, etwa 60 St\u00fcck mussten auf dem Dach befestigt werden &#8211; mit Plane und Netz gesichert. Nach einem abenteuerlichen Transport, der in Deutschland so nicht m\u00f6glich gewesen w\u00e4re, waren dann aber alle Matratzen am Karfreitag am Ziel, inklusive einiger neuer Fensterscheiben, da in der Schule bereits wieder einige zu Bruch gegangen waren.<\/p>\n<p align=\"justify\">In Marthas Morning-Sun Kindergarten war die Toilette ein wichtiges Projekt. Leider war der zust\u00e4ndige Beamte erst im Au\u00dfendienst, dann im Hospital &#8211; es war wieder einmal zum Verzweifeln. Der Beamte musste die exakte Lage der Toilette vor Ort festlegen, damit dann ein Sockel daf\u00fcr betoniert werden konnte. Ohne den Herrn ging nichts, der Fertigtoilettenhersteller und die Dame vom Wasseramt lehnten freundlich aber bestimmt weitere T\u00e4tigkeiten vor der Genehmigung durch den Beamten ab. Das Ganze w\u00fcrde vor unserer R\u00fcckreise nach Deutschland nicht klappen &#8211; frustrierend!<br \/>\nMartha schloss ebenfalls am 07. April ihren Kindergarten, um ihre Familie im Owamboland zu besuchen. Ein Notdienst durch ihre Helferin war eingerichtet, nicht alle Kinder konnten w\u00e4hrend der Ferien durch ihre Eltern betreut werden, da sie arbeiten mussten. Sie werden in den Ferien nicht unterrichtet, nur beaufsichtigt und bekocht. Wie immer freuten sich die nur 5-10 Kinder aber, als wir sie besuchten!<br \/>\nAuch Ellie schloss zu Ferienbeginn, aber ruhig ist es bei ihr nie, da die Stra\u00dfenkinder auch in den Ferien Hunger haben. Auch im Ebenacer-Kindergarten existiert ein Notdienst. Es wuselt dort, alle Altersstufen zwischen einem und f\u00fcnfzehn Jahren sind vertreten. Ellie war sehr entt\u00e4uscht, dass die Stadtverwaltung keine Genehmigung f\u00fcr den Abriss des Wellblechbaus und den Bau eines Steinhauses gab. Ihr wurde von Amts wegen mitgeteilt, dass sie derzeit ja nicht einmal in der Lage w\u00e4re, die monatlichen Wasserrechnungen zu bezahlen, was man daran sehe, dass sie es eben nicht tue&#8230; und so k\u00f6nne man ihr nicht erlauben, ein Steinhaus zu bauen, aus dem man sie nicht mehr vertreiben k\u00f6nne, wenn sie der Gemeinde zur Last falle. Ellie wies wohl darauf hin, dass sie die Wasserrechnungen immer bezahle, wenn wir wieder da seien und ihr das Geld g\u00e4ben, der Herr im Amt meinte allerdings, man k\u00f6nne sich nicht darauf verlassen, dass wir in alle Ewigkeit k\u00e4men. Nun lassen wir den Ebenacer Kindergarten erst einmal so, wie er ist: Baulich in Ordnung, der Boden ist zementiert, die Wellblechw\u00e4nde sind dicht, das Dach ebenso, die Fenster sind ausreichend und winddicht.<\/p>\n<p align=\"justify\">Viel Freude bereitet uns der Kapps-Kindergarten. Nach all den Problemen am Jahresende haben die genauen Regeln, die wir f\u00fcr Erzieher wie Eltern festlegten, dazu gef\u00fchrt, dass wieder Kindergartenarbeit m\u00f6glich wurde. 26 Kinder besuchen den Kindergarten regelm\u00e4\u00dfig, jedes Kind ab vier Jahren hat seine eigene Mappe mit seinen Arbeiten, es wird zweimal t\u00e4glich eine volle Mahlzeit gekocht, die Kinder sind gesund und saube und haben gute Manieren. Sie wurden bis Ostern von Angelika und Veronika betreut, wobei Angelika die Kindergartenarbeit und Veronika das Kochen, Putzen, Waschen \u00fcbernahm. Seit Ostern wird Angelika durch Frieda unterst\u00fctzt, die bisher in einer S\u00e4uglingstagesst\u00e4tte gearbeitet hat und nach dem Umzug ihres Mannes nach Kapps Farm eine neue Stelle suchte.Sie m\u00f6chte gerne eine Ausbildung zur Erzieherin machen, die in Windhoek angeboten wird. Wir werden ihr diese erm\u00f6glichen, so haben wir f\u00fcr den Fall der F\u00e4lle einen Ersatz f\u00fcr Angelika. Veronika, die bisher half, ist f\u00fcr diese Stelle nicht geeignet, sie kann selbst kaum lesen. Sie ist eine wundervolle, liebevoll-energische, wohlbeleibte Mammi, die uns zu Ostern mit der Geburt eines Sohnes \u00fcberrascht hat. Bis Gr\u00fcndonnerstag hat sie ihren Dienst getan, nun will sie sich bis Juni erholen.<br \/>\nAngelika schloss nicht \u00fcber Ostern, das hatten wir im Januar mit den neuen Regeln festgelegt. Die Eltern in Kapps-Farm haben \u00fcber Ostern keinen Urlaub, deshalb muss der Kindergarten ge\u00f6ffnet sein. Uns machte es auch viel Spass, mit den Kindern zu basteln, Ideen dazu holten wir uns in den Kinderg\u00e4rten St. Michael und Gut Betha in Bad Waldsee. Wir bastelten H\u00fchnchen aus Eierkartonwaben und Pfeifenputzern, Osterhasen aus angemalten Eiern, stellten aus Mehl, Salz und Alaun Knetmasse her, \u00fcbten Fingerspiele, Schleifen binden, auf einem Bein h\u00fcpfen und vieles mehr&#8230;<br \/>\nNat\u00fcrlich durfte auch eine Oster-Party nicht fehlen! F\u00fcr jedes Kind gab es ein gro\u00dfes Br\u00f6tchen mit wei\u00df-brauner Nutella, ein gro\u00dfes Schokoladenei und viel Saft. Die Kleinen schafften ihr Br\u00f6tchen nicht einmal ganz, ein paar versuchten, es in der Hosentasche in Sicherheit zu bringen, und einer versteckte sein Schokoladenei unter der M\u00fctze. Es war ein tolles Erlebnis f\u00fcr uns alle!<br \/>\nDass der Kapps-Kindergarten so gut l\u00e4uft, liegt auch mit daran, dass wir jemanden gefunden haben, der sich regelm\u00e4\u00dfig k\u00fcmmert. Unser &#8222;Helfer&#8220; heisst Andre, ist ein wei\u00dfer Namibier und arbeitet beim Tierpr\u00e4parator, bei dem auch viele Eltern der Kindergartenkinder arbeiten. Andre ist sehr sozial eingestellt und findet das, was wir f\u00fcr und mit den Kindern tun, sehr gut. Er ist selber auch an anderen sozialen Projekten beteiligt und schaut mehrmals in der Woche nach dem Kapps-Kindergarten, hilft Probleme l\u00f6sen und hat ein offenes Ohr f\u00fcr alle. Jeden Freitagabend legt Angelika ihm den Wochenarbeitsbericht vor, dazu eine Mappe von jedesmal einem anderen Kind, und bekommt dann das von uns bei Andre hinterlegten Lohn f\u00fcr diese Woche.<br \/>\nDie Kinder, die wir bereits eingeschult hatten, brachten ihre Halbjahreszeugnisse. Bis auf ein einziges M\u00e4dchen sind alle gut in der Schule und werden von ihren Lehrern gelobt. Wir k\u00f6nnen zufrieden sein!<\/p>\n<p>&nbsp;<\/p>\n<p align=\"left\">Ausgaben\u00fcbersicht im April 2006<\/p>\n<p align=\"left\">Essen (zus\u00e4tzlich zur Grundnahrung: Osterparty, Fleisch, Makkaroni, Saft, Milch, Obst und Gem\u00fcse)<\/p>\n<p align=\"right\">1208,69 N$<\/p>\n<p align=\"left\">Matratzen und Decken (Blouwkrans, Martha, Ellie, Kapps)<\/p>\n<p align=\"right\">24537,20 N$<\/p>\n<p align=\"left\">Transport von Matratzen<\/p>\n<p align=\"right\">1000,00 N$<\/p>\n<p align=\"left\">Arbeitsmaterial<\/p>\n<p align=\"right\">1259,65 N$<\/p>\n<p align=\"left\">Schulgelder<\/p>\n<p align=\"right\">640,00 N$<\/p>\n<p align=\"left\">Handt\u00fccher und Waschlappen<\/p>\n<p align=\"right\">89,89 N$<\/p>\n<p align=\"left\">Glas f\u00fcr Fenster (Blouwkrans und Kapps) und Schaukelseil<\/p>\n<p align=\"right\">1046,18 N$<\/p>\n<p align=\"left\">Transport der Kinder von Kapps nach Blouwkrans<br \/>\n1x im Monat (01-08\/06<\/p>\n<p align=\"right\">800,00 N$<\/p>\n<p align=\"left\">Krankenhausgeld<\/p>\n<p align=\"right\">20,00 N$<\/p>\n<p align=\"left\">L\u00f6hne f\u00fcr Erzieherinnen<\/p>\n<p align=\"right\">1660,00 N$<\/p>\n<p align=\"left\">L\u00f6hne f\u00fcr Instandhaltungsarbeiten an Kinderg\u00e4rten<\/p>\n<p align=\"right\">350,00 N$<\/p>\n<p align=\"left\">Gas Ellie, Martha<\/p>\n<p align=\"right\">315,90 N$<\/p>\n<p align=\"left\">hinterlegt f\u00fcr L\u00f6hne bis Ende August 2006<br \/>\nincl. Kursgeb\u00fchren Frieda, Gas Kapps, warme Kleidung f\u00fcr Kinder bei Bedarf<\/p>\n<p align=\"right\">12500,00 N$<\/p>\n<p align=\"left\">hinterlegt bei African Marketing f\u00fcr Essen bis September<\/p>\n<p align=\"right\">5000,00 N$<\/p>\n<p align=\"left\">Summe<\/p>\n<p align=\"right\">50427,51 N$<\/p>\n<p align=\"left\">Wechselkurs im April: 1 \u20ac = 7,2 N$<\/p>\n<p align=\"right\">7000,00 N$<\/p>\n<p align=\"center\">Danke f\u00fcr Ihre Hilfe!<\/p>\n","protected":false},"excerpt":{"rendered":"<p>Die Osterzeit ist in Namibia wie die Weihnachtszeit Ferienzeit. Schulen, Kinderg\u00e4rten, auch viele Fabriken und \u00c4mter sind geschlossen. Die Osterferien begannen dieses Jahr am 07. April und endeten am 16. Mai. Unsere wichtigsten Aufgaben bei diesem Aufenthalt betrafen den nahenden Winter auf der S\u00fcdhalbkugel, der in Namibia im Mai langsam beginnt. Dieses Jahr hat es &hellip; <a href=\"http:\/\/baobab-verein.org\/?page_id=70\" class=\"more-link\"><span class=\"screen-reader-text\">April 2006<\/span> weiterlesen<\/a><\/p>\n","protected":false},"author":1,"featured_media":0,"parent":66,"menu_order":0,"comment_status":"closed","ping_status":"closed","template":"","meta":{"footnotes":""},"class_list":["post-70","page","type-page","status-publish","hentry"],"_links":{"self":[{"href":"http:\/\/baobab-verein.org\/index.php?rest_route=\/wp\/v2\/pages\/70","targetHints":{"allow":["GET"]}}],"collection":[{"href":"http:\/\/baobab-verein.org\/index.php?rest_route=\/wp\/v2\/pages"}],"about":[{"href":"http:\/\/baobab-verein.org\/index.php?rest_route=\/wp\/v2\/types\/page"}],"author":[{"embeddable":true,"href":"http:\/\/baobab-verein.org\/index.php?rest_route=\/wp\/v2\/users\/1"}],"replies":[{"embeddable":true,"href":"http:\/\/baobab-verein.org\/index.php?rest_route=%2Fwp%2Fv2%2Fcomments&post=70"}],"version-history":[{"count":1,"href":"http:\/\/baobab-verein.org\/index.php?rest_route=\/wp\/v2\/pages\/70\/revisions"}],"predecessor-version":[{"id":71,"href":"http:\/\/baobab-verein.org\/index.php?rest_route=\/wp\/v2\/pages\/70\/revisions\/71"}],"up":[{"embeddable":true,"href":"http:\/\/baobab-verein.org\/index.php?rest_route=\/wp\/v2\/pages\/66"}],"wp:attachment":[{"href":"http:\/\/baobab-verein.org\/index.php?rest_route=%2Fwp%2Fv2%2Fmedia&parent=70"}],"curies":[{"name":"wp","href":"https:\/\/api.w.org\/{rel}","templated":true}]}}