{"id":56,"date":"2018-01-21T09:15:26","date_gmt":"2018-01-21T09:15:26","guid":{"rendered":"http:\/\/baobab-verein.org\/?page_id=56"},"modified":"2018-01-21T09:15:26","modified_gmt":"2018-01-21T09:15:26","slug":"unser-beitrag","status":"publish","type":"page","link":"http:\/\/baobab-verein.org\/?page_id=56","title":{"rendered":"Unser Beitrag"},"content":{"rendered":"<p align=\"JUSTIFY\">Seit 1999 sorgen wir daf\u00fcr, da\u00df m\u00f6glichst viele Kinder aus den Armenvierteln von Windhoek einen Kindergarten besuchen k\u00f6nnen. Ein Kindergartenbesuch verschafft den Kindern die M\u00f6glichkeit, eine Schule zu besuchen: Sie sprechen nur ihre Stammessprache, aber nicht Englisch. Die Beherrschung der englischen Sprache ist allerdings Voraussetzung f\u00fcr die Schulaufnahme. In den Kinderg\u00e4rten wird den Kindern Englisch gelehrt. Wir k\u00fcmmern uns mit Ihrer Hilfe darum, dass die Kinder gut versorgt werden, zu Essen bekommen, Material zum Spielen, Basteln, Schreiben und Lernen haben, und dass Sie zur richtigen Zeit zur Schule angemeldet werden.<\/p>\n<p>Das Geld wird durch den Vortr\u00e4ge \u00fcber Katutura, den Verkauf von gespendeten Gegenst\u00e4nden auf Flohm\u00e4rkten, Weihnachtsverk\u00e4ufe, Aktionstage und Spenden aufgebracht. Jeder gespendete Euro erreicht die Kinder in Namibia, Kosten die Vereinsmitgliedern anfallen, k\u00f6nnen diese nicht ersetzen lassen. Auch die Kosten dieser Homepage werden privat bezahlt.<\/p>\n<p>Die Rechtsform des Vereins ist \u201enicht eingetragener Verein\u201c (n.e.V.), diese Rechtsform wurde gew\u00e4hlt, um bereits mit drei Mitgliedern als gemeinn\u00fctzige Organisation anerkannt zu werden. Der Verein ist beim Finanzamt Ravensburg am 25.10.2001 unter der Nummer 77 0 52 \/ 10 600 anerkannt.<\/p>\n<p>Annemarie Keppelmayr und ihr Mann haben ein kleines H\u00e4uschen in der N\u00e4he von Windhoek, wo sie einige Zeit im Jahr leben. \u00dcber einen Zeitungsartikel in Namibia wurden sie auf die Not in den Wellblechst\u00e4dten um Namibias Hauptstadt aufmerksam. Frau Rohwer, eine ehemalige Mitarbeiterin des Roten Kreuzes in Namibia, nahm sie nach Katutura mit.<\/p>\n<p>Der gemeinn\u00fctzige Verein wurde 1999 von ihr und zwei Freundinnen aus Bad Waldsee gegr\u00fcndet, um die Arbeit der Erzieherinnen und die Kinderg\u00e4rten in Katutura zu unterst\u00fctzen. Das Ziel ist die Versorgung der Kinder mit Essen, Spiel-, Bastel-, Schreib- und Lernmaterialien.<\/p>\n<p>Der Baobab-Baum (Affenbrotbaum\/Adansonia digitata) wurde als Namensgeber gew\u00e4hlt, da er in Afrika seit jeher als Hoffnungsgeber bekannt ist. Das Gedicht von Eva-Maria Leiber kann dieses Gef\u00fchl vielleicht ausd\u00fccken:<\/p>\n<p align=\"CENTER\"><i>Wie ein Baum &#8211; Baobab &#8211;<br \/>\nentfaltet sich Segen<br \/>\n\u00fcber dir<br \/>\nSchatten spendet er<br \/>\nin Sommerglut<br \/>\nund seine V\u00f6gel singen<br \/>\ndir ein Segenslied:<br \/>\nGott ist mit dir<br \/>\nhab keine Angst<br \/>\ndu darfst geborgen sein<br \/>\ngesegnet bist du<br \/>\nunter vielen<br \/>\nund mit den vielen<br \/>\ndie auf deinem<br \/>\nWege sind<br \/>\nund Leben schenkt er dir<br \/>\nder Segensbaum<br \/>\nverwurzelt<br \/>\nwie er ist<br \/>\nin Gott<br \/>\nund du darfst selber<br \/>\nSegen sein<br \/>\nf\u00fcr manchen Menschen<br \/>\nder da weint<br \/>\ndarfst Baum<br \/>\nund Wurzel sein<br \/>\nund Nest und Lied<br \/>\ndarfst f\u00fcr das Morgen<br \/>\nsingen<br \/>\nwider alle Hoffnung.<\/i><\/p>\n<figure id=\"attachment_44\" aria-describedby=\"caption-attachment-44\" style=\"width: 2560px\" class=\"wp-caption aligncenter\"><img loading=\"lazy\" decoding=\"async\" class=\"size-full wp-image-44\" src=\"http:\/\/baobab-verein.org\/wp-content\/uploads\/Adansonia_digitata.jpg\" alt=\"\" width=\"2560\" height=\"1920\" srcset=\"http:\/\/baobab-verein.org\/wp-content\/uploads\/Adansonia_digitata.jpg 2560w, http:\/\/baobab-verein.org\/wp-content\/uploads\/Adansonia_digitata-300x225.jpg 300w, http:\/\/baobab-verein.org\/wp-content\/uploads\/Adansonia_digitata-768x576.jpg 768w, http:\/\/baobab-verein.org\/wp-content\/uploads\/Adansonia_digitata-1024x768.jpg 1024w\" sizes=\"auto, (max-width: 2560px) 100vw, 2560px\" \/><figcaption id=\"caption-attachment-44\" class=\"wp-caption-text\">Hans Hillewaert CC BY-SA 3.0; www.wikimedia.org\/<\/figcaption><\/figure>\n","protected":false},"excerpt":{"rendered":"<p>Seit 1999 sorgen wir daf\u00fcr, da\u00df m\u00f6glichst viele Kinder aus den Armenvierteln von Windhoek einen Kindergarten besuchen k\u00f6nnen. Ein Kindergartenbesuch verschafft den Kindern die M\u00f6glichkeit, eine Schule zu besuchen: Sie sprechen nur ihre Stammessprache, aber nicht Englisch. Die Beherrschung der englischen Sprache ist allerdings Voraussetzung f\u00fcr die Schulaufnahme. In den Kinderg\u00e4rten wird den Kindern Englisch &hellip; <a href=\"http:\/\/baobab-verein.org\/?page_id=56\" class=\"more-link\"><span class=\"screen-reader-text\">Unser Beitrag<\/span> weiterlesen<\/a><\/p>\n","protected":false},"author":1,"featured_media":0,"parent":40,"menu_order":0,"comment_status":"closed","ping_status":"closed","template":"","meta":{"footnotes":""},"class_list":["post-56","page","type-page","status-publish","hentry"],"_links":{"self":[{"href":"http:\/\/baobab-verein.org\/index.php?rest_route=\/wp\/v2\/pages\/56","targetHints":{"allow":["GET"]}}],"collection":[{"href":"http:\/\/baobab-verein.org\/index.php?rest_route=\/wp\/v2\/pages"}],"about":[{"href":"http:\/\/baobab-verein.org\/index.php?rest_route=\/wp\/v2\/types\/page"}],"author":[{"embeddable":true,"href":"http:\/\/baobab-verein.org\/index.php?rest_route=\/wp\/v2\/users\/1"}],"replies":[{"embeddable":true,"href":"http:\/\/baobab-verein.org\/index.php?rest_route=%2Fwp%2Fv2%2Fcomments&post=56"}],"version-history":[{"count":1,"href":"http:\/\/baobab-verein.org\/index.php?rest_route=\/wp\/v2\/pages\/56\/revisions"}],"predecessor-version":[{"id":57,"href":"http:\/\/baobab-verein.org\/index.php?rest_route=\/wp\/v2\/pages\/56\/revisions\/57"}],"up":[{"embeddable":true,"href":"http:\/\/baobab-verein.org\/index.php?rest_route=\/wp\/v2\/pages\/40"}],"wp:attachment":[{"href":"http:\/\/baobab-verein.org\/index.php?rest_route=%2Fwp%2Fv2%2Fmedia&parent=56"}],"curies":[{"name":"wp","href":"https:\/\/api.w.org\/{rel}","templated":true}]}}